he highest common divisor of 351 and 81.
27
What is the highest common divisor of 351 and 54?
27
What is the highest common factor of 48 and 384?
48
What is the greatest common divisor of 473 and 33?
11
What is the highest common divisor of 422 and 26?
2
What is the highest common factor of 21 and 2289?
21
What is the greatest common factor of 3248 and 42?
14
What is the greatest common divisor of 1887 and 148?
37
Calculate the greatest common factor of 240 and 108.
12
What is the highest common factor of 54 and 5238?
54
What is the greatest common factor of 21 and 642?
3
What is the greatest common divisor of 9 and 909?
9
What is the highest common divisor of 306 and 34?
34
Calculate the greatest common divisor of 7 and 119.
7
Calculate the highest common factor of 95 and 133.
19
Calculate the greatest common divisor of 50 and 4.
2
What is the greatest common factor of 976 and 16?
16
What is the greatest common divisor of 384 and 12?
12
Calculate the highest common divisor of 24 and 168.
24
What is the greatest common factor of 1836 and 108?
108
What is the highest common divisor of 80 and 48?
16
What is the highest common divisor of 8 and 49696?
8
What is the highest common factor of 1132 and 16?
4
Calculate the highest common divisor of 2304 and 336.
48
Calculate the greatest common factor of 768 and 176.
16
Calculate the highest common divisor of 9 and 6561.
9
Calculate the greatest common divisor of 3311 and 2408.
301
What is the greatest common divisor of 243 and 18?
9
What is the greatest common factor of 136 and 32?
8
What is the highest common divisor of 13 and 1027?
13
Calculate the highest common factor of 21 and 189.
21
What is the highest common factor of 966 and 18?
6
Calculate the greatest common factor of 851 and 92.
23
Calculate the greatest common factor of 256 and 4.
4
What is the highest common factor of 24 and 168?
24
Calculate the highest common factor of 8 and 4.
4
Calculate the greatest common factor of 1538 and 16.
2
What is the greatest common factor of 5 and 23255?
5
Calculate the highest common factor of 45 and 180.
45
What is the highest common factor of 583 and 1219?
53
Calculate the highest common divisor of 55 and 33.
11
Calculate the greatest common divisor of 25 and 10.
5
Calculate the highest common divisor of 3330 and 40.
10
Calculate the highest common factor of 3894 and 198.
66
What is the highest common divisor of 90 and 135?
45
What is the greatest common divisor of 37 and 407?
37
Calculate the greatest common divisor of 3726 and 46.
46
What is the highest common divisor of 115 and 3335?
115
Calculate the highest common divisor of 3 and 42.
3
What is the highest common divisor of 7 and 896?
7
What is the greatest common factor of 27 and 243?
27
Calculate the highest common factor of 117 and 39.
39
Calculate the greatest common factor of 21 and 7539.
21
Calculate the highest common factor of 1932 and 56.
28
Calculate the highest common factor of 99 and 1944.
9
What is the greatest common factor of 1636 and 4?
4
What is the highest common divisor of 75 and 195?
15
Calculate the greatest common factor of 4 and 548.
4
What is the greatest common factor of 65 and 35?
5
What is the greatest common divisor of 2882 and 44?
22
What is the greatest common factor of 80 and 32?
16
What is the greatest common factor of 348 and 435?
87
What is the greatest common divisor of 299 and 92?
23
What is the greatest common divisor of 552 and 36?
12
What is the greatest common factor of 75 and 507?
3
Calculate the greatest common divisor of 5146 and 31.
31
What is the highest common factor of 552 and 345?
69
Calculate the highest common factor of 306 and 6834.
102
Calculate the highest common factor of 5 and 695.
5
Calculate the highest common factor of 176 and 55.
11
What is the greatest common divisor of 30451 and 37?
37
What is the greatest common factor of 108 and 1152?
36
What is the highest common factor of 72 and 1584?
72
Calculate the greatest common factor of 37008 and 144.
144
What is the greatest common factor of 34 and 1666?
34
Calculate the highest common factor of 486 and 180.
18
What is the greatest common divisor of 686 and 798?
14
What is the greatest common divisor of 333 and 259?
37
What is the highest common divisor of 2010 and 30?
30
Calculate the greatest common factor of 247 and 325.
13
Calculate the highest common factor of 6 and 111.
3
Calculate the greatest common factor of 24 and 904.
8
Calculate the greatest common divisor of 191 and 764.
191
What is the greatest common divisor of 10554 and 24?
6
What is the highest common divisor of 99 and 63?
9
Calculate the highest common factor of 80 and 135.
5
What is the greatest common divisor of 143 and 33?
11
Calculate the greatest common factor of 598 and 26.
26
What is the highest common divisor of 1962 and 6322?
218
Calculate the highest common factor of 2698 and 284.
142
What is the highest common factor of 52 and 247?
13
Calculate the highest common divisor of 178 and 2581.
89
What is the greatest common divisor of 30 and 40?
10
Calculate the greatest common factor of 213 and 5041.
71
What is the greatest common divisor of 2886 and 936?
78
Calculate the highest common factor of 25418 and 142.
142
Calculate the greatest common factor of 1099 and 157.
157
Calculate the greatest common divisor of 805 and 420.
35
What is the greatest common divisor of 1105 and 340?
85
What is the greatest common factor of 8942 and 34?
34
Calculate the highest common divisor of 48 and 1200.
48
Calculate the greatest common factor of 259 and 74.
37
What is the highest common factor of 14 and 342?
2
What is the highest common factor of 1022 and 14?
14
What is the greatest common factor of 135 and 360?
45
What is the highest common divisor of 205 and 123?
41
Calculate the highest common divisor of 130 and 52.
26
Calculate the highest common divisor of 252 and 588.
84
What is the highest common factor of 73 and 949?
73
Calculate the greatest common divisor of 2249 and 13.
13
What is the greatest common divisor of 70 and 112?
14
What is the greatest common divisor of 25134 and 1062?
354
Calculate the highest common factor of 22 and 18194.
22
What is the greatest common factor of 162 and 30?
6
Calculate the highest common factor of 5440 and 952.
136
Calculate the highest common divisor of 470 and 94.
94
What is the greatest common divisor of 93 and 217?
31
What is the highest common divisor of 357 and 1207?
17
Calculate the greatest common factor of 22649 and 29.
29
Calculate the highest common divisor of 1440 and 204.
12
What is the highest common divisor of 342 and 380?
38
What is the highest common factor of 1485 and 2805?
165
What is the highest common divisor of 2825 and 50?
25
What is the highest common divisor of 175 and 245?
35
Calculate the highest common factor of 28 and 352.
4
What is the greatest common factor of 52 and 130?
26
What is the greatest common factor of 216 and 288?
72
What is the greatest common factor of 130 and 15?
5
Calculate the highest common divisor of 100 and 80.
20
What is the greatest common divisor of 13 and 3549?
13
What is the highest common factor of 189 and 357?
21
What is the greatest common divisor of 7268 and 79?
79
What is the highest common factor of 2 and 1994?
2
Calculate the greatest common factor of 69 and 27071.
23
Calculate the greatest common divisor of 4908 and 24.
12
What is the greatest common factor of 80 and 3130?
10
What is the greatest common divisor of 12 and 1644?
12
Calculate the greatest common factor of 351 and 2743.
13
What is the greatest common factor of 55 and 66?
11
Calculate the highest common factor of 3160 and 40.
40
What is the highest common factor of 76 and 38?
38
Calculate the greatest common divisor of 2501 and 549.
61
Calculate the greatest common factor of 182 and 208.
26
What is the greatest common factor of 60 and 6540?
60
What is the greatest common factor of 12 and 8004?
12
What is the greatest common divisor of 8240 and 5?
5
What is the greatest common divisor of 3276 and 585?
117
What is the greatest common factor of 10807 and 303?
101
Calculate the highest common factor of 756 and 224.
28
Calculate the greatest common divisor of 936 and 216.
72
What is the greatest common factor of 3762 and